e
Let j = -3 + 8. Let k(o) = 22*o**3 - j - 5*o**2 - 47*o**3 + 10. Is k(-3) prime?
False
Let a be (-5)/(15/(-27)) - -1. Suppose -13*m + a*m = -279. Is m composite?
True
Suppose -3*b + 1039 = 4*m, 241 = m - 2*b - b. Let h = m - -35. Is h composite?
True
Let m = 2 + 1. Suppose -2*l = -m*l. Suppose l = 2*p - 2*g - 516, 1281 = -0*p + 5*p + 4*g. Is p prime?
True
Let h be (-5 - -5) + 1*-2. Let a(t) = t + 2. Let s be a(h). Suppose -51 = -x + c + 26, -5*x + 3*c + 389 = s. Is x a composite number?
False
Let x = -1600 + 12617. Is x composite?
True
Let j(v) = v**3 + v**2 - v + 370. Let k = -15 + 15. Let u be j(k). Suppose u = 2*c - 4*f, -f - 925 = -5*c + 2*f. Is c prime?
False
Suppose 3234 = 3*f + 3*t - 7*t, f + 5*t = 1097. Is f/(-1)*(440/16)/(-11) a prime number?
False
Is (-4)/(8 - -8) - (-108138)/8 a composite number?
True
Let h(z) = z + 7. Let m be h(6). Suppose 0 = f + 5*p - 22, 3*f - 3*p + 18 = 2*f. Is 5/(((-3)/m)/f) composite?
True
Suppose 0*w + 10 = 2*w. Suppose r + 1148 = w*r. Is r prime?
False
Let g(u) = 3*u**2 + 5*u - 3. Suppose 9*w = 8*w - 3. Let k(v) = v**3 + 2*v**2 - 3*v + 3. Let s be k(w). Is g(s) prime?
False
Is (-4)/(-6) + (-15766524)/(-108) a composite number?
False
Is 3/(-1)*(-571 + 14) prime?
False
Suppose 39398 = 9*g - 175. Is g a prime number?
True
Suppose 5*z - 5 = -6*d + d, -4*d + 5 = 5*z. Suppose -4*m + 367 = y, d = -6*y + 2*y + m + 1519. Is y a prime number?
True
Suppose -9350 = -5*i + 2*i + 4*b, -5*i = -b - 15555. Suppose 9*v - i = 7*v. Is v prime?
False
Let s(y) = y + 9. Let h(m) = m**2 - 6*m - 5. Let b be h(6). Let c be s(b). Suppose 5*z = 19 - c. Is z a prime number?
True
Let h(b) be the third derivative of -b**6/120 - 2*b**5/15 - b**4/24 - 7*b**3/6 + 9*b**2. Is h(-9) composite?
False
Let k(w) = w**2 + 4*w - 7. Let m be k(-6). Suppose -3*n + 5 - 2 = -m*y, -y = 3*n + 15. Is (-2 + 3)*y - -74 prime?
True
Let k = -24779 + 50868. Is k a composite number?
True
Let r = -4207 + 5916. Is r composite?
False
Let g = -18176 - -27373. Is g a prime number?
False
Let f(a) = 2*a**2 - 10*a + 2. Let v be f(7). Let p = 7 + -68. Let s = v - p. Is s composite?
True
Let h(y) = y**2 + y + 39. Let a = -20 + 20. Suppose v + 2*v = a. Is h(v) a prime number?
False
Suppose -5*i = 46*c - 50*c - 10265, i - 2053 = -4*c. Is i a composite number?
False
Is 2/(5 + 805864/(-161176)) + -4 prime?
True
Is ((-1612550)/(-150))/(1/3) a composite number?
False
Suppose -11 - 1 = -4*y. Let w(k) = -17*k**3 - 3*k**2 + 9*k + 2. Let d(o) = 8*o**3 + 2*o**2 - 4*o - 1. Let a(g) = 5*d(g) + 2*w(g). Is a(y) prime?
True
Let m be -1822 + (-1 - 4) + 6. Let o = -902 - m. Is o composite?
False
Suppose -35*y + 18*y + 2138991 = 0. Is y a composite number?
True
Suppose a - 329 - 142 = 3*r, -5*r - 1421 = -3*a. Let q = a + 530. Is q a prime number?
False
Suppose 3*k = -2*k + 470. Suppose j - 573 = k. Is j a prime number?
False
Let b = -14570 - -22933. Is b a composite number?
False
Let r(m) = -44*m**3 - m**2 + 2*m - 2. Let y be r(2). Let x = 917 + y. Is x a composite number?
False
Let v(x) be the third derivative of 0 + 7*x**2 - 7/6*x**3 - 1/60*x**5 + 0*x - 1/60*x**6 - 1/8*x**4. Is v(-5) prime?
True
Let g be 1 + 1 + (2 - 0). Suppose -3*d + n = 5*n + 18, -g*d - 24 = -5*n. Is (-123)/d + (-2)/(-4) composite?
True
Let z(d) = 1118*d**2 - 5*d + 4. Let n be z(2). Suppose -n = -5*q - 9*q. Is q composite?
True
Let v be (36/8 - 5/10)*1. Suppose -21*s + 5*u = -16*s - 4180, v*u - 4207 = -5*s. Is s composite?
False
Suppose 7 - 16 = -3*w. Suppose -5*y = w*f - 0*y - 1442, 2*y + 1435 = 3*f. Let p = -268 + f. Is p composite?
False
Suppose 3*a = -2*u + 12821, 5*u + 22222 = 5*a + 887. Is a prime?
True
Suppose 0 = -d - 5*p - 1531 + 5494, -p = -2*d + 7904. Is d composite?
True
Suppose 3*d + 3*f = -1149, -4*d + 2*f + 1147 = -7*d. Let p = d - -1258. Is p composite?
False
Let r(f) be the second derivative of f**4/4 + 5*f**3/6 - f**2/2 - 3*f. Let w be r(-5). Suppose 109 = 2*a - w. Is a a composite number?
False
Let q = -25 + -115. Suppose 0*d = d + 2, 0 = 2*p - d + 112. Let n = p - q. Is n composite?
False
Is (2630/(-20) + -14)*(-94)/3 prime?
False
Suppose -2*z + 12 + 2 = 0. Let t = -4 + z. Suppose -t*g + 144 = -429. Is g a composite number?
False
Let h = 6 + -13. Let b = -24 - -57. Let t = b + h. Is t a composite number?
True
Suppose 11730 = 5*v - 1935. Is v a composite number?
True
Suppose 3*t = 2*h + 2*h - 14, 0 = t + 2*h + 18. Let b be ((-16)/(-12))/(t/(-15)). Suppose -389 = -b*d + 2*n - 139, -3*d + 359 = 5*n. Is d a prime number?
False
Let b(g) = -3*g + g - g - 45 - 7*g. Is b(-8) composite?
True
Let g(y) = y**3 + 3*y**2 - 2*y - 3. Let x be g(-3). Let d be 0 + 60/2 + x. Suppose -72 - d = -3*u. Is u composite?
True
Let j(q) = q**2 + 3*q - 6*q - 3 - 9. Is j(-7) prime?
False
Suppose 3*j = -r - 0*r - 5, j + 5*r = -25. Let t = -85 - -660. Suppose -x + 6*x - t = j. Is x a prime number?
False
Let f be (-30)/(-24) + 4/(-16). Let k(v) = -v**2 - v - 1. Let d(s) = 20*s**2 + 3*s + 2. Let j(m) = d(m) + 2*k(m). Is j(f) a composite number?
False
Let j be (6 - 7)*(-1 - 1). Let r(f) = 3*f + j + 1 + 0*f - 2 + 4*f**2. Is r(-4) a prime number?
True
Let c(v) = 3116*v**2. Let h be c(1). Suppose 0 = q - 5*q + h. Is q a prime number?
False
Let z(y) = 110*y - 6*y + 154*y + 1. Let n(v) = 3*v**3 + 39*v**2 + 1. Let k be n(-13). Is z(k) a prime number?
False
Suppose -2*p + 11832 = -2*v, 5*v - 23691 = -11*p + 7*p. Is p composite?
True
Let t = -3003 + 6040. Is t composite?
False
Let b(m) = -184*m**3 - 16*m - 13. Is b(-4) composite?
False
Let j(d) = -10*d**3 + 3*d**2 + 9*d + 15. Let z(y) = -19*y**3 + 6*y**2 + 18*y + 31. Let n(i) = 5*j(i) - 2*z(i). Is n(-5) a prime number?
True
Suppose 4*l - 130 - 102 = 0. Let n = 157 + l. Is n prime?
False
Let h(z) = z**2 - 8*z + 11. Let d be h(7). Is (d/10 - 22/55) + 1117 prime?
True
Suppose -551*n + 547*n = -w + 58665, n = 2*w - 117316. Is w a composite number?
False
Is (-1)/((-8)/(-1948))*8/(-4) a prime number?
True
Is (-12)/(-16)*4 + 2146 prime?
False
Suppose -5*g = -d + 20, -2*g + 0*g + 19 = 5*d. Suppose -245 = d*n - 850. Is n a composite number?
True
Let u(x) = 18*x**2 + 7. Let t(i) = 37*i**2 - i + 15. Let c(w) = -4*t(w) + 9*u(w). Let f be c(-4). Suppose 0*h - f = -h. Is h prime?
True
Suppose -u + 0*u - 4*g = -676, -3*u + 4*g + 1948 = 0. Let o = u - 342. Suppose 4*z = -o + 1678. Is z a prime number?
False
Suppose -4*g - 2*x + 147868 = 0, 0 = -11*g + 12*g - 4*x - 36949. Is g a prime number?
False
Let c(i) = -2*i - 13. Let y be c(-7). Let l(q) = 162*q**3 - q**2. Is l(y) prime?
False
Suppose -5*f + 3604 = 3*l - 2*l, 16 = 4*l. Let x = f - 179. Is x a composite number?
False
Suppose 4*l + 4*p - 5 = 3*l, l - 2*p = -19. Let s(z) = -29*z - 7. Let y be s(l). Suppose 2*n = y + 290. Is n a composite number?
True
Let m be (2052 + 0)*1 - -3. Suppose -2*i - m = -7*z + 4*z, -2061 = -3*z + 4*i. Is z prime?
True
Suppose 0 = -22*r + 77*r - 2433365. Is r prime?
False
Suppose 0 = -23*m + 16*m + 735. Let p = m + -74. Is p a composite number?
False
Let d be 3 - (26298/(-21) + 10/35). Suppose 2091 = 5*m - 4*y, 5*m = 2*m + 2*y + d. Is m a prime number?
True
Let z(q) = q - 7. Let r be z(11). Suppose -l - 5 = -r*o - 24, 5*o = 4*l - 32. Is 5 - l - (2 - 74) prime?
False
Let j(w) = 25*w**2 - 4*w - 11. Suppose 4*z + 43 = 11. Is j(z) composite?
False
Let k be -3*(-6)/2*7. Let g = k - 4. Is g a composite number?
False
Let i = 15 - 11. Suppose -3*z - 3*z = -144. Suppose i*x - 340 = z. Is x composite?
True
Let b(q) be the third derivative of 5*q**4/6 - q**3/6 - 4*q**2. Let n be b(-1). Is ((-152)/(-24))/((-1)/n) a composite number?
True
Suppose 0*j = -3*z + j + 22, -2*z = -4*j - 8. Suppose 5*m = z*m - 573. Is m prime?
True
Let v = 15 - 10. Suppose -z = -v - 60. Is 2/5 - z/(-25) a composite number?
False
Let r be -2 + 1 - -3 - 5. Let d(p) = p**3 + 2*p**2 - 4*p - 1. Let q be d(r). Suppose 550 = q*x + 16. Is x prime?
False
Let w(s) = 19 - 28 + s + 12*s. Let h be w(-10). Let t = 206 + h. Is t a prime number?
True
Suppose -v - 24 = 2*v. Let p = -8 - v. Suppose -b + 21 = -p*b. Is b prime?
False
Let g(d) = -3*d**2 - 8*d - 12. Let o be g(-6). Suppose -69 = -2*x + 5. Let j = x - o. Is j a prime number?
True
Is (-6)/4 - (6 + (-4145)/10) composite?
True
Suppose 0 = 27*t - 6522 - 111549. Is t prime?
True
Let h(g) = 5*g - 65. Let k be h(13). Sup